
What is the hundred millions digit of 2894739947?
8
What is the millions digit of 281343919?
1
What is the tens digit of 36791201?
0
What is the hundred millions digit of 3644898639?
6
What is the units digit of 409515627?
7
What is the hundreds digit of 205887889?
8
What is the ten thousands digit of 485938373?
3
What is the hundreds digit of 180389773?
7
What is the units digit of 160151091?
1
What is the ten thousands digit of 73123194?
2
What is the millions digit of 826828465?
6
What is the thousands digit of 267616611?
6
What is the hundred millions digit of 2938775853?
9
What is the hundred thousands digit of 168634407?
6
What is the thousands digit of 256460226?
0
What is the hundred thousands digit of 1535908119?
9
What is the tens digit of 276693781?
8
What is the thousands digit of 169731291?
1
What is the hundred millions digit of 111715606?
1
What is the hundred millions digit of 333068463?
3
What is the tens digit of 325687105?
0
What is the tens digit of 28310761?
6
What is the hundred thousands digit of 335979593?
9
What is the units digit of 72582072?
2
What is the thousands digit of 24207483?
7
What is the units digit of 839619962?
2
What is the hundred millions digit of 1973795718?
9
What is the thousands digit of 38806618?
6
What is the hundred thousands digit of 83846635?
8
What is the thousands digit of 701510482?
0
What is the tens digit of 50114306?
0
What is the tens digit of 7710047?
4
What is the thousands digit of 101707047?
7
What is the thousands digit of 20565254?
5
What is the hundred thousands digit of 343240945?
2
What is the hundred thousands digit of 184186220?
1
What is the hundreds digit of 131564505?
5
What is the ten thousands digit of 169796958?
9
What is the hundred thousands digit of 121811893?
8
What is the ten millions digit of 2918421584?
1
What is the ten millions digit of 61717052?
6
What is the tens digit of 1638154968?
6
What is the units digit of 288902680?
0
What is the millions digit of 3509070377?
9
What is the units digit of 2692653370?
0
What is the tens digit of 54348267?
6
What is the ten thousands digit of 98805669?
0
What is the hundreds digit of 44056555?
5
What is the tens digit of 9598014?
1
What is the millions digit of 74885736?
4
What is the millions digit of 316549408?
6
What is the hundred millions digit of 328767851?
3
What is the thousands digit of 22393403?
3
What is the hundred thousands digit of 53014052?
0
What is the hundred millions digit of 1071480451?
0
What is the hundred millions digit of 591813831?
5
What is the millions digit of 46900026?
6
What is the hundred millions digit of 2000337450?
0
What is the tens digit of 71167431?
3
What is the thousands digit of 133145344?
5
What is the hundreds digit of 1916513933?
9
What is the billions digit of 3718429389?
3
What is the ten thousands digit of 61607119?
0
What is the hundred thousands digit of 2763922191?
9
What is the units digit of 693429205?
5
What is the millions digit of 7954584630?
4
What is the hundred millions digit of 213557761?
2
What is the hundred thousands digit of 530494531?
4
What is the ten thousands digit of 5524235097?
3
What is the hundred thousands digit of 78499329?
4
What is the millions digit of 42280629?
2
What is the hundred thousands digit of 914803673?
8
What is the ten thousands digit of 729275605?
7
What is the ten millions digit of 115199564?
1
What is the thousands digit of 17989076?
9
What is the hundred thousands digit of 35270278?
2
What is the thousands digit of 17080611?
0
What is the hundreds digit of 6311216811?
8
What is the ten thousands digit of 944446?
4
What is the billions digit of 3746182813?
3
What is the ten millions digit of 175934844?
7
What is the hundreds digit of 114384925?
9
What is the ten millions digit of 533916875?
3
What is the millions digit of 2875204518?
5
What is the millions digit of 47845023?
7
What is the hundred thousands digit of 143077621?
0
What is the hundred thousands digit of 851376490?
3
What is the units digit of 2282666035?
5
What is the hundred thousands digit of 30398548?
3
What is the billions digit of 1780288192?
1
What is the tens digit of 70713405?
0
What is the ten thousands digit of 255899355?
9
What is the thousands digit of 18855398?
5
What is the hundred thousands digit of 157406945?
4
What is the tens digit of 142190880?
8
What is the millions digit of 17545374?
7
What is the thousands digit of 145926837?
6
What is the hundred thousands digit of 21563189?
5
What is the hundred thousands digit of 5629164418?
1
What is the ten thousands digit of 1643747764?
4
What is the ten thousands digit of 313534764?
3
What is the ten thousands digit of 619391725?
9
What is the billions digit of 1599422181?
1
What is the thousands digit of 1436312738?
2
What is the hundreds digit of 153766315?
3
What is the hundreds digit of 51636372?
3
What is the ten thousands digit of 3709811?
0
What is the tens digit of 361269676?
7
What is the tens digit of 926113919?
1
What is the ten thousands digit of 30518715?
1
What is the hundreds digit of 830659309?
3
What is the units digit of 3460059625?
5
What is the tens digit of 61996671?
7
What is the ten thousands digit of 29883373?
8
What is the hundred millions digit of 131026483?
1
What is the ten thousands digit of 19298712?
9
What is the ten millions digit of 258648553?
5
What is the hundreds digit of 52006279?
2
What is the millions digit of 439602075?
9
What is the ten thousands digit of 345445379?
4
What is the ten thousands digit of 225426177?
2
What is the hundreds digit of 1420214302?
3
What is the thousands digit of 3604015864?
5
What is the units digit of 11420857?
7
What is the hundred thousands digit of 145027508?
0
What is the hundreds digit of 392392652?
6
What is the hundreds digit of 115723645?
6
What is the hundred thousands digit of 752207338?
2
What is the hundred millions digit of 995816693?
9
What is the tens digit of 16934668?
6
What is the ten thousands digit of 677465869?
6
What is the ten thousands digit of 71109365?
0
What is the tens digit of 573489154?
5
What is the billions digit of 1471352039?
1
What is the hundred millions digit of 263962989?
2
What is the hundreds digit of 189823995?
9
What is the millions digit of 4637387?
4
What is the units digit of 521972433?
3
What is the thousands digit of 453667445?
7
What is the hundreds digit of 116877066?
0
What is the ten thousands digit of 36488393?
8
What is the millions digit of 1186913140?
6
What is the millions digit of 81318272?
1
What is the millions digit of 2144562924?
4
What is the hundred thousands digit of 742887552?
8
What is the ten thousands digit of 1361628027?
2
What is the hundreds digit of 2362480596?
5
What is the hundreds digit of 69774697?
6
What is the ten millions digit of 21422904?
2
What is the units digit of 213108255?
5
What is the thousands digit of 45751417?
1
What is the units digit of 76789524?
4
What is the billions digit of 1092825214?
1
What is the hundred thousands digit of 67913452?
9
What is the hundred thousands digit of 11313830?
3
What is the hundred thousands digit of 4899299708?
2
What is the ten millions digit of 2013509013?
1
What is the hundreds digit of 1318006536?
5
What is the ten millions digit of 79664763?
7
What is the thousands digit of 672472941?
2
What is the thousands digit of 136433606?
3
What is the hundred millions digit of 281768493?
2
What is the millions digit of 451766998?
1
What is the thousands digit of 775748484?
8
What is the units digit of 987894789?
9
What is the millions digit of 52285510?
2
What is the tens digit of 161681570?
7
What is the hundred millions digit of 339032529?
3
What is the ten thousands digit of 61739835?
3
What is the hundred millions digit of 318261598?
3
What is the units digit of 47019515?
5
What is the ten thousands digit of 45025020?
2
What is the hundreds digit of 80966857?
8
What is the units digit of 180358995?
5
What is the thousands digit of 437503221?
3
What is the hundreds digit of 1831858347?
3
What is the thousands digit of 364368101?
8
What is the hundreds digit of 191659819?
8
What is the thousands digit of 7646481514?
1
What is the tens digit of 3952823019?
1
What is the units digit of 34344519?
9
What is the ten thous